446282.
2, 7, 199, 1237
List the prime factors of 409232.
2, 25577
List the prime factors of 143349.
3, 71, 673
What are the prime factors of 934662?
2, 3, 155777
What are the prime factors of 2249639?
7, 31, 1481
List the prime factors of 85194.
2, 3, 4733
List the prime factors of 1758387.
3, 586129
What are the prime factors of 1535238?
2, 3, 19, 67
What are the prime factors of 1663962?
2, 3, 29, 73, 131
What are the prime factors of 1112172?
2, 3, 92681
What are the prime factors of 1251689?
41, 30529
List the prime factors of 2176093.
67, 32479
List the prime factors of 12383181.
3, 71, 19379
What are the prime factors of 5332?
2, 31, 43
What are the prime factors of 7335826?
2, 3667913
What are the prime factors of 1034031?
3, 79, 4363
What are the prime factors of 9396605?
5, 179, 10499
What are the prime factors of 8501018?
2, 19, 223711
List the prime factors of 274048.
2, 2141
What are the prime factors of 1442436?
2, 3, 71, 1693
What are the prime factors of 619542?
2, 3, 7, 11, 149
What are the prime factors of 387773?
89, 4357
What are the prime factors of 521275?
5, 29, 719
What are the prime factors of 2992045?
5, 7, 85487
List the prime factors of 1561486.
2, 53, 14731
List the prime factors of 994515.
3, 5, 66301
What are the prime factors of 3536591?
467, 7573
What are the prime factors of 148167?
3, 101, 163
What are the prime factors of 168291?
3, 23, 271
What are the prime factors of 2233678?
2, 19, 43, 1367
What are the prime factors of 253322?
2, 23, 5507
List the prime factors of 13943665.
5, 167, 16699
List the prime factors of 3564172.
2, 19, 23, 2039
List the prime factors of 907145.
5, 397, 457
What are the prime factors of 57267?
3, 7, 101
List the prime factors of 2326661.
2326661
List the prime factors of 4034511.
3, 13, 34483
What are the prime factors of 1898731?
191, 9941
What are the prime factors of 152286?
2, 3, 17, 1493
What are the prime factors of 1858?
2, 929
List the prime factors of 416148.
2, 3, 34679
List the prime factors of 5919973.
29, 204137
What are the prime factors of 323190?
2, 3, 5, 7, 19
What are the prime factors of 108000?
2, 3, 5
What are the prime factors of 1226341?
1226341
What are the prime factors of 31431018?
2, 3, 23, 421, 541
List the prime factors of 24563228.
2, 6140807
List the prime factors of 590650.
2, 5, 11813
What are the prime factors of 2377247?
907, 2621
What are the prime factors of 109891?
109891
What are the prime factors of 3106694?
2, 1553347
What are the prime factors of 416610?
2, 3, 5, 1543
What are the prime factors of 80565?
3, 5, 41, 131
What are the prime factors of 14945?
5, 7, 61
What are the prime factors of 3453848?
2, 431731
List the prime factors of 9798233.
83, 118051
What are the prime factors of 2582641?
31, 83311
List the prime factors of 352303.
7, 50329
What are the prime factors of 184190?
2, 5, 113, 163
List the prime factors of 18179494.
2, 17, 151, 3541
What are the prime factors of 182260?
2, 5, 13, 701
What are the prime factors of 4947142?
2, 41, 60331
List the prime factors of 268490.
2, 5, 26849
What are the prime factors of 2173118?
2, 1086559
List the prime factors of 1369355.
5, 13, 21067
What are the prime factors of 4069840?
2, 5, 50873
List the prime factors of 3114176.
2, 13, 19, 197
List the prime factors of 5629140.
2, 3, 5, 11, 2843
List the prime factors of 193460.
2, 5, 17, 569
What are the prime factors of 3358045?
5, 671609
List the prime factors of 162463.
7, 23209
List the prime factors of 9012623.
9012623
List the prime factors of 348833.
348833
List the prime factors of 27605684.
2, 857, 8053
List the prime factors of 190673.
7, 27239
List the prime factors of 1728371.
29, 107, 557
List the prime factors of 8567675.
5, 83, 4129
What are the prime factors of 305977?
7, 43711
List the prime factors of 3491874.
2, 3, 193993
List the prime factors of 71980.
2, 5, 59, 61
What are the prime factors of 519421?
7, 74203
What are the prime factors of 9300706?
2, 29, 160357
List the prime factors of 1627672.
2, 203459
List the prime factors of 2696394.
2, 3, 449399
List the prime factors of 59944.
2, 59, 127
What are the prime factors of 98894?
2, 197, 251
List the prime factors of 231865.
5, 79, 587
What are the prime factors of 1958533?
173, 11321
What are the prime factors of 158617?
158617
List the prime factors of 1993619.
1061, 1879
List the prime factors of 532660.
2, 5, 26633
List the prime factors of 2517500.
2, 5, 19, 53
What are the prime factors of 138492?
2, 3, 3847
List the prime factors of 7539917.
7, 11, 181, 541
What are the prime factors of 654346?
2, 7, 11, 607
List the prime factors of 1697099.
19, 179, 499
What are the prime factors of 4918000?
2, 5, 2459
What are the prime factors of 2714001?
3, 904667
List the prime factors of 1828840.
2, 5, 13, 3517
What are the prime factors of 2596946?
2, 11, 118043
List the prime factors of 241842.
2, 3, 17, 2371
What are the prime factors of 426490?
2, 5, 42649
What are the prime factors of 8376877?
563, 14879
What are the prime factors of 6460314?
2, 3, 7, 153817
List the prime factors of 19679.
11, 1789
List the prime factors of 8889126.
2, 3, 31, 47791
What are the prime factors of 17191752?
2, 3, 61, 11743
List the prime factors of 551649.
3, 7, 109, 241
List the prime factors of 17157230.
2, 5, 1715723
List the prime factors of 311013.
3, 11519
What are the prime factors of 330385?
5, 11, 6007
What are the prime factors of 1598021?
1598021
What are the prime factors of 1067084?
2, 29, 9199
What are the prime factors of 683414?
2, 29, 11783
What are the prime factors of 183147?
3, 41, 1489
List the prime factors of 11508310.
2, 5, 11, 9511
What are the prime factors of 4667502?
2, 3, 7, 19, 5849
List the prime factors of 1732287.
3, 19, 30391
List the prime factors of 2420261.
2420261
What are the prime factors of 2217140?
2, 5, 17, 6521
What are the prime factors of 3046783?
19, 160357
List the prime factors of 196809.
3, 17, 227
What are the prime factors of 648172?
2, 7, 3307
List the prime factors of 226447.
13, 17419
List the prime factors of 773872.
2, 11, 4397
What are the prime factors of 119659?
119659
What are the prime factors of 14110900?
2, 5, 73, 1933
What are the prime factors of 464122?
2, 109, 2129
List the prime factors of 529209.
3, 127, 463
List the prime factors of 195843.
3, 97, 673
What are the prime factors of 1137278?
2, 71, 8009
What are the prime factors of 1159427?
61, 83, 229
List the prime factors of 9454904.
2, 631, 1873
List the prime factors of 236614.
2, 7, 16901
What are the prime factors of 808326?
2, 3, 14969
List the prime factors of 1483622.
2, 7, 15139
What are the prime factors of 321679?
321679
What are the prime factors of 74911?
23, 3257
List the prime factors of 3599993.
227, 15859
What are the prime factors of 10513713?
3, 7, 107, 4679
List the prime factors of 913424.
2, 57089
List the prime factors of 405262.
2, 11, 13, 109
What are the prime factors of 4265529?
3, 619, 2297
What are the prime factors of 7572731?
1049, 7219
What are the prime factors of 100196?
2, 37, 677
List the prime factors of 298989.
3, 139, 239
List the prime factors of 12280475.
5, 491219
What are the prime factors of 2730613?
53, 51521
What are the prime factors of 844217?
11, 6977
List the prime factors of 15663955.
5, 829, 3779
What are the prime factors of 18214939?
17, 19, 56393
What are the prime factors of 854012?
2, 17, 19, 661
What are the prime factors of 454459?
29, 15671
List the prime factors of 7602313.
7602313
What are the prime factors of 1822613?
13, 19, 47, 157
What are the prime factors of 2339101?
2339101
List the prime factors of 2191275.
3, 5, 9739
List the prime factors of 241270.
2, 5, 23, 1049
List the prime factors of 4869538.
2, 73, 33353
What are the prime factors of 1457587?
113, 12899
List the prime factors of 124536.
2, 3, 5189
What are the prime factors of 2816633?
2816633
List the prime factors of 3801148.
2, 13, 5623
What are the prime factors of 3627908?
2, 167, 5431
List the prime factors of 513261.
3, 7, 8147
List the prime factors of 1974924.
2, 3, 7, 17, 461
List the prime factors of 6466169.
1621, 3989
What are the prime factors of 5085256?
2, 11, 57787
What are the prime factors of 199981?
31, 64